t r be ((-11)/(165/(-54)))/(4/10). Suppose 5*l + r*l - 4116 = 0. What is the highest common factor of 42 and l?
42
Suppose 0 = 54*w - 53*w - 53. Calculate the highest common divisor of w and 477.
53
Suppose 25 = -5*f, -4*f + 2*f = 5*g - 110. Suppose 38 = -15*h + 578. Calculate the highest common divisor of g and h.
12
Let y be (-12)/36 + (-1)/(-3). Suppose y = 5*q - q - 144. Calculate the highest common divisor of 54 and q.
18
Suppose -c + 2*m + 0*m = 3, 0 = -3*c + 5*m - 6. Let w = 3 + c. Suppose 4*y - w = -2. Calculate the greatest common divisor of y and 3.
1
Let i = 8 - -2. Suppose -2*m + 2*l = -6 - i, 4*l + 2 = -2*m. Calculate the highest common divisor of m and 5.
5
Let h = -106 + 370. What is the greatest common divisor of 36 and h?
12
Let t(l) be the first derivative of -2 - 7/2*l**2 - 2/3*l**3 + 8*l + 1/4*l**4. Let y be t(4). Calculate the highest common divisor of 96 and y.
12
Suppose y + 5*y = -114. Let r = -17 - y. Suppose -r*a = 6 - 22. Calculate the highest common factor of a and 12.
4
Let y be -2 - (0/4 - 2). Suppose -2*n + 5*n - 63 = y. What is the greatest common divisor of n and 7?
7
Let u(b) = b**3 + 12*b**2 + 8*b - 7. Let t be u(-11). Calculate the highest common divisor of t and 65.
13
Let k(q) = q**2 - 1. Let j be k(1). Suppose -4*n = -j*h + h - 72, -5*n + 4*h = -90. Calculate the greatest common divisor of 54 and n.
18
Let w be (-113 - 3)/((-2)/(-5 + 7)). What is the greatest common divisor of w and 145?
29
Suppose -5*d + 280 = -175. Suppose 0 = -40*q + 174 + 346. What is the highest common factor of q and d?
13
Suppose -14*d + 2132 = -10*d. Calculate the greatest common divisor of d and 41.
41
Let x be 5*(-1 + 0)*-5. Suppose -3*u = -4*p - 4*u + 24, -u = -4. What is the highest common factor of x and p?
5
Let o(u) = -49*u - 247. Let j be o(-6). Calculate the highest common factor of j and 47.
47
Suppose 7*g + 3*v = 5*g + 40, -3*v = 0. Calculate the greatest common divisor of 8 and g.
4
Let q(a) = 4*a**3 - 2*a. Let b be q(-2). Let u = b - -43. Calculate the greatest common factor of u and 9.
3
Suppose 332 = 2*j - 5*d, -j = -12*d + 8*d - 160. What is the highest common factor of j and 341?
11
Let h = 115 + -84. Suppose -c + 73 + h = 0. What is the greatest common divisor of 13 and c?
13
Suppose 7*t = 9*t - 88. What is the greatest common divisor of t and 704?
44
Suppose 29*w - 1568 = 22*w. What is the greatest common divisor of w and 160?
32
Let z be ((-12)/10)/((-9)/60). Let u = 259 + -107. What is the greatest common divisor of z and u?
8
Let h(q) = 114*q - 430. Let o be h(5). Calculate the greatest common divisor of o and 110.
10
Suppose -2*v = 4*w - 2744, 2040 = 3*w - 2*v - v. What is the highest common divisor of w and 36?
36
Let f(g) = -29*g - 595. Let t be f(-30). Calculate the highest common factor of 225 and t.
25
Let k(r) = r**2 + 18*r - 196. Let c be k(-30). What is the highest common factor of c and 4?
4
Let y = 3 + -1. Suppose -12*h + 2*g + 18 = -8*h, 2*h - 5*g = 13. Suppose -h*b = 29 - 33. What is the highest common factor of b and y?
1
Suppose 5*c = 0, q - 3*c - 151 = -2*c. Let a = q + -221. Let o be a/(-14)*28/10. Calculate the highest common divisor of o and 7.
7
Let f(d) = -d**3 - 6*d**2 + 9*d + 3*d**2 + 6 - 5*d**2. Let v be f(-9). Let w = 28 + 2. What is the highest common factor of v and w?
6
Suppose -5*f = -7 - 233. Let c = 0 - 0. Suppose -3*g = -c*g - f. What is the highest common factor of 4 and g?
4
Let v(l) = -2*l**3 + 20*l**2 + 14*l - 55. Let f be v(10). What is the greatest common divisor of 408 and f?
17
Suppose 6*q = 2*b + q - 238, 502 = 4*b + 3*q. Suppose -b = -5*a + 376. Calculate the highest common divisor of a and 40.
20
Suppose 0 = -5*b - 3*k + 548, -5*k + 540 = -31*b + 36*b. Calculate the highest common factor of 84 and b.
28
Let t = 116 + -46. Let q = -39 + 67. Calculate the highest common factor of t and q.
14
Let q = 1093 + -769. Suppose -2*b + q = b. Suppose 2*a + 4*m = 6*a - 48, 0 = -3*a + m + 36. What is the greatest common factor of a and b?
12
Let a = -27 + 162. Suppose 4*o + 0*o - 252 = 0. Suppose -3 - 47 = -3*m + 5*i, -4*m = -3*i - o. Calculate the highest common divisor of a and m.
15
Suppose 6*k = 20 + 4. Suppose -4*p + 0*p + 112 = k*v, -140 = -4*v + 3*p. Calculate the greatest common factor of v and 4.
4
Suppose n = 3*s - 3 - 6, -5*s = -4*n - 22. Suppose -s*m - 20 = 3*m. Let j be m/(-14) + 192/14. What is the highest common factor of j and 2?
2
Suppose p - 73 = -5*o, 4*o - 3*p + 8*p - 71 = 0. Suppose -36 = 8*m - o*m. Calculate the greatest common factor of 66 and m.
6
Suppose -21 - 69 = -3*b. Let u = -14 + b. Let o(i) = i**3 + 8*i**2 - 4*i + 1. Let w be o(-5). What is the greatest common factor of w and u?
16
Let g = -1202 + 2138. Calculate the highest common factor of 48 and g.
24
Suppose -6 = -n + 4*h, n + 0*h - 6 = -h. Calculate the highest common factor of n and 6.
6
Let n(y) = 2*y**3 - 2. Let u be (20/8 + -2)*6. Suppose 0 = -u*l - 5*d + 6, -5*d = -4*d. Let o be n(l). Calculate the highest common divisor of o and 126.
14
Suppose -3*i + 38 = -1. Let b(h) = h + 41. Let f be b(11). What is the highest common factor of i and f?
13
Let r(o) = -o + 17. Let v(q) = 4*q - 42. Let y be v(13). Let f be r(y). What is the greatest common factor of f and 77?
7
Let z(f) = f**3 + 18*f**2 - 2*f - 6. Let l be (-12)/(-20) + (-186)/10. Let v be z(l). Calculate the greatest common divisor of v and 240.
30
Let b = -64 - -85. Let n(x) = 22*x - 54. Let p be n(b). What is the greatest common divisor of p and 51?
51
Suppose -4*i - 5*l + 97 = 0, -2*l = 23*i - 19*i - 94. Let c = -33 - -102. What is the highest common factor of i and c?
23
Suppose 11*x - 35 = 4*x. Let f be (2/(-3))/((-2)/9). Suppose f*k + k - x*s - 68 = 0, 20 = -5*s. Calculate the greatest common divisor of 3 and k.
3
Suppose 8*h = 136 + 16. Calculate the highest common divisor of 475 and h.
19
Let i = -28 + 41. Let v = i - -7. Calculate the greatest common factor of 30 and v.
10
Let w(n) = 2 - 2*n + 4*n - n**2 + 3*n**3 - 6*n - n. Let s be w(2). Calculate the greatest common factor of 18 and s.
6
Suppose 30 = q + 2*z, -2*q - 3 + 45 = -2*z. What is the highest common factor of 648 and q?
24
Let z be 1/(0 + (-1 - -2)). Suppose 4*i + i = -4*s + 10, 4*i = -5*s - z. Let o be 30/4*4/2. Calculate the highest common divisor of o and i.
3
Suppose 3*a - 163 = -154. What is the greatest common factor of 8 and a?
1
Suppose -4*g - 2*h = -28, 5 = g - 2*h + 3. Let q be (3 - (-6)/5)/(5/150). Suppose 35*x = 38*x - q. Calculate the greatest common divisor of g and x.
6
Suppose 5*i + 0*i - 17 = 2*d, 4*d = -i + 21. Suppose 0 = 5*b + 4*c - 8, -10 = -4*b + 5*c + 21. What is the highest common factor of b and d?
4
Suppose 4*z = 3*c - 71, -3*z - z = c + 3. Suppose -10*s - 204 = -42*s + 20*s. Calculate the highest common factor of c and s.
17
Suppose 14*x - 15*x + 18 = 0. Let w be 8/(-24) - (-380)/6. Calculate the greatest common factor of x and w.
9
Let r(j) = 6*j**2 - 323*j + 269. Let x be r(53). Suppose 2*c = -4*h + 52, 0*c - c = 4*h - 32. What is the greatest common divisor of c and x?
4
Let k be -3 - (14 - -2)/(-2). Suppose 15 = k*z - a, -2*a + 1 = -4*z + 7. What is the highest common factor of z and 6?
2
Let c(p) = -p**3 + 12*p**2 - 17*p. Let i be c(3). Calculate the highest common factor of i and 210.
30
Suppose 0 = -4*o + 8. Suppose 4*s - 2*t + o = 0, -s - 4*t + 4 = s. Suppose -g + 2 + 8 = s. Calculate the greatest common divisor of 2 and g.
2
Let c(q) = -q**3 - 27*q**2 - 10*q - 267. Let n be c(-27). Let h(f) = 2*f + 2. Let z be h(5). What is the greatest common divisor of z and n?
3
Suppose -4*i + f = -2*f + 862, -2*i + 3*f - 428 = 0. Let c = i - -478. Calculate the highest common divisor of c and 29.
29
Suppose 20*n = -17*n + 63714. What is the highest common factor of n and 42?
42
Let a = 964 + -902. What is the greatest common divisor of a and 2?
2
Suppose -27*m + 22869 = 6*m. What is the highest common factor of m and 77?
77
Suppose g + 30 = 6*g - 5*b, 4*b = -g - 4. Suppose -2*r + t + 0*t + 90 = 0, 2*r - 2*t = 92. Calculate the highest common divisor of g and r.
4
Let u be 142/10 - (-2)/(-10). Let s be (-3)/((-105)/1390) + 4/u. Calculate the highest common factor of 40 and s.
40
Let w be ((-3)/(-9) + 1)/((-6)/(-909)). Let f = 216 - w. Let a 